 56 a factor of 3358824?
True
Is 572160 a multiple of 12?
True
Is 200307 a multiple of 92?
False
Is 36 a factor of 64224?
True
Is 58807 a multiple of 26?
False
Is 226 a factor of 1200060?
True
Does 1529 divide 14341520?
False
Is 22373101 a multiple of 1069?
True
Is 760524 even?
True
Does 232 divide 102779?
False
Is 60 a factor of 717180?
True
Does 274 divide 485528?
True
Is 77 a factor of 257706?
False
Is 345 a factor of 40710?
True
Is 216 a factor of 3069792?
True
Is 949532 a multiple of 46?
True
Is 66 a factor of 6612276?
True
Is 8 a factor of 1166312?
True
Is 30 a factor of 193800?
True
Does 464 divide 243736?
False
Does 795 divide 5695378?
False
Does 109 divide 444720?
True
Is 883625 a multiple of 167?
False
Is 10 a factor of 9278320?
True
Does 8 divide 1159325?
False
Does 633 divide 538567?
False
Is 27 a factor of 80379?
True
Does 50 divide 144734?
False
Is 416647 a multiple of 49?
True
Is 1969662 a multiple of 552?
False
Does 419 divide 906406?
False
Does 27 divide 8198469?
True
Is 94146 a multiple of 7?
False
Is 59835 a multiple of 340?
False
Is 14 a factor of 115220?
True
Is 28 a factor of 1418144?
True
Does 647 divide 3451326?
False
Does 41 divide 19925624?
False
Does 34 divide 17034?
True
Is 837862 a multiple of 323?
True
Does 168 divide 367338?
False
Is 384781 a multiple of 2?
False
Is 1965285 a multiple of 63?
True
Does 40 divide 80200?
True
Does 152 divide 27208?
True
Is 72 a factor of 267287?
False
Does 214 divide 94802?
True
Is 4 a factor of 105788?
True
Is 6934023 a multiple of 768?
False
Is 2148566 a multiple of 57?
False
Does 16 divide 2550877?
False
Is 6726600 a multiple of 1332?
True
Is 137985 a multiple of 9?
False
Is 723519 a multiple of 633?
True
Is 27 a factor of 704849?
False
Does 51 divide 436152?
True
Is 68 a factor of 1066512?
True
Does 15 divide 7305278?
False
Is 701272 a multiple of 169?
False
Does 347 divide 2594207?
False
Is 13 a factor of 3920113?
False
Does 80 divide 16152?
False
Does 173 divide 4713904?
True
Does 6 divide 9930?
True
Is 377 a factor of 286212?
False
Is 4289450 a multiple of 121?
True
Is 38227945 a multiple of 35?
True
Is 111067 a multiple of 104?
False
Is 117143 a multiple of 20?
False
Is 4854498 even?
True
Does 4 divide 126932?
True
Is 2 a factor of 105750?
True
Is 21 a factor of 345471?
True
Is 7846395 a multiple of 15?
True
Does 147 divide 2477517?
False
Does 3 divide 113184?
True
Does 51 divide 1681215?
True
Is 1472767 a multiple of 12?
False
Is 2868 a multiple of 6?
True
Does 138 divide 1945768?
False
Does 53 divide 212512?
False
Is 37328 even?
True
Is 829062 a multiple of 149?
False
Does 13 divide 1193925?
False
Is 321 a factor of 1493853?
False
Does 301 divide 116689?
False
Is 2296 a multiple of 4?
True
Is 281088 a multiple of 12?
True
Is 35 a factor of 2087855?
True
Does 26 divide 1402133?
False
Is 272760 a multiple of 7?
False
Is 245 a factor of 4016285?
True
Is 80544 a multiple of 6?
True
Is 26 a factor of 39287?
False
Is 424226 a multiple of 22?
True
Does 22 divide 1390515?
False
Does 13 divide 60834?
False
Is 25 a factor of 67825?
True
Is 28 a factor of 97860?
True
Is 48763 a multiple of 143?
True
Does 15 divide 94005?
True
Is 10 a factor of 24080?
True
Is 43 a factor of 552282?
False
Is 255960 a multiple of 72?
True
Is 222678 a multiple of 139?
True
Is 37995 a multiple of 361?
False
Is 566339 a multiple of 265?
False
Is 20817658 a multiple of 794?
False
Is 379 a factor of 12491082?
True
Is 399168 a multiple of 6?
True
Does 9 divide 3739374?
True
Is 4 a factor of 6203?
False
Is 19 a factor of 23203?
False
Does 142 divide 3676439?
False
Is 3966569 a multiple of 1010?
False
Does 4 divide 98906?
False
Does 70 divide 21560?
True
Does 137 divide 324680?
False
Does 9 divide 5524848?
True
Is 10 a factor of 103772?
False
Does 201 divide 281217?
False
Does 4 divide 169510?
False
Is 191 a factor of 1174385?
False
Is 2356190 a multiple of 21?
False
Does 27 divide 2024292?
False
Is 72904 a multiple of 42?
False
Is 99696 a multiple of 8?
True
Is 578264 a multiple of 8?
True
Does 17 divide 170034?
True
Does 104 divide 1996696?
True
Does 93 divide 232593?
True
Does 12 divide 2273864?
False
Does 76 divide 2070973?
False
Does 486 divide 40338?
True
Does 22 divide 1360128?
True
Is 24564 a multiple of 89?
True
Is 10 a factor of 66593?
False
Is 1108432 a multiple of 32?
False
Does 444 divide 263736?
True
Is 9 a factor of 1929429?
True
Is 44 a factor of 307472?
True
Is 8430 a multiple of 6?
True
Does 13 divide 295360?
True
Is 14 a factor of 220262?
True
Is 379592 a multiple of 8?
True
Is 102 a factor of 3504006?
True
Is 6463085 a multiple of 73?
False
Is 125469 a multiple of 27?
True
Is 408840 a multiple of 6?
True
Does 20 divide 142944?
False
Does 483 divide 314916?
True
Does 48 divide 86303?
False
Is 918674 a multiple of 61?
False
Does 12 divide 147802?
False
Is 133 a factor of 1547588?
True
Does 32 divide 57664?
True
Is 850248 a multiple of 18?
True
Does 200 divide 124165?
False
Is 8 a factor of 41084?
False
Does 801 divide 1361060?
False
Is 2407937 a multiple of 249?
False
Is 18 a factor of 220624?
False
Does 14 divide 4642?
False
Is 21387708 a multiple of 36?
True
Is 783 a factor of 885250?
False
Is 3317064 a multiple of 492?
True
Does 656 divide 1400560?
True
Is 105302 a multiple of 26?
False
Does 3 divide 100920?
True
Is 4006110 a multiple of 15?
True
Is 160 a factor of 839387?
False
Is 2477367 a multiple of 9?
True
Is 322 a factor of 209478?
False
Does 71 divide 12196593?
True
Is 178880 a multiple of 130?
True
Is 282845 a multiple of 77?
False
Is 1513690 a multiple of 14?
False
Does 3 divide 193760?
False
Is 11 a factor of 10671?
False
Is 180830 a multiple of 107?
True
Is 394634 a multiple of 746?
True
Is 4 a factor of 25534?
False
Is 285 a factor of 1454355?
True
Does 216 divide 354166?
False
Is 895730 a multiple of 79?
False
Is 108 a factor of 16238?
False
Does 17 divide 4539544?
True
Is 3612996 a multiple of 14?
False
Is 3896088 a multiple of 44?
False
Is 91 a factor of 1661?
False
Does 14 divide 771533?
False
Is 678266 a multiple of 17?
True
Is 23 a factor of 27991?
True
Does 9 divide 152355?
False
Does 505 divide 4275551?
False
Does 62 divide 1587138?
True
Is 3794466 a multiple of 39?
True
Is 7 a factor of 8502628?
False
Is 291360 a multiple of 20?
True
Is 25 a factor of 92564?
False
Does 53 divide 82627?
True
Is 1217666 a multiple of 206?
True
Does 2 divide 169390?
True
Is 6 a factor of 190169?
False
Is 54370 a multiple of 48?
False
Is 1017290 a multiple of 471?
False
Does 67 divide 151487?
True
Is 137025 a multiple of 45?
True
Does 311 divide 475519?
True
Is 17 a factor of 275791?
True
Is 1005 a factor of 3854175?
True
Does 152 divide 84664?
True
Is 70278 even?
True
Is 31970 a multiple of 230?
True
Is 1912558 a multiple of 19?
False
Does 35 divide 65117?
False
Is 300880 a multiple of 17?
False
Is 169 a factor of 9060?
False
Does 6 divide 4065430?
False
Is 7896720 a multiple of 24?
True
Is 11 a factor of 33308?
True
Is 628233 a multiple of 3?
True
Does 15 divide 881736?
False
Is 9213 a multiple of 37?
True
Is 194176 a multiple of 61?
False
Is 1005477 a multiple of 325?
False
Does 22 divide 4554?
True
Is 49 a factor of 502495?
True
Is 256 a factor of 192543?
False
Is 12242303 a multiple of 91?
False
Does 16 divide 48928?
True
Is 99 a factor of 2425896?
True
Is 62632 a multiple of 55?
False
Does 12 divide 2792142?
False
Is 514 a factor of 2377511?
False
Does 14 divide 48677?
False
Is 4241500 a multiple of 34?
True
Is 403746 a multiple of 493?
False
Is 911279 a multiple of 364?
False
Is 29 a factor of 2661968?
True
Is 12624576 a multiple of 376?
True
Is 410609 a multiple of 113?
False
Is 25 a factor of 262425?
True
Is 167 a factor of 2410645?
True
Does 70 divide 2492910?
True
Is 40 a factor of 788880?
True
Is 547 a factor of 1113692?
True
Is 42 a factor of 549975?
False
Is 224280 a multiple of 30?
True
Is 15 a factor of 2262478?
False
Is 1227236 a multiple of 4?
True
Is 561 a factor of 249084?
True
Is 17 a factor of 3201134?
True
Is 45600 a multiple of 24?
True
Is 87199 a multiple of 102?
False
Is 146 a factor of 52706?
True
Does 30 divide 1309616?
False
Is 55 a factor of 30436?
False
Is 24663 a multiple of 32?
False
Is 4 a factor of 51286?
False
Is 551088 a multiple of 387?
True
Does 6